Calculate a(-1).
-3
Let i(v) = v**3 + 5*v**2 - v + 6. Let k(z) = 6*z**3 + z**2. Let t be (-4)/(-22) - (-78)/(-66). Let p be k(t). Calculate i(p).
11
Let h(z) = 19*z**2 + z + z**3 - 19*z**2 - 2*z. Let d(b) = -b + 3. Let j be d(7). Let p(l) = 5*l**3 + 4*l**2 - 2*l. Let q(a) = j*h(a) + p(a). Calculate q(-2).
4
Let s(w) = 3*w**2 + w. Let k(y) = -y**3 - 2*y**2 + 3*y + 2. Let r be k(-3). Calculate s(r).
14
Let c(k) = 6*k - k**2 + 2*k**2 - k - 1. Suppose -1 + 9 = -4*h. Let m = -2 + h. What is c(m)?
-5
Suppose 2*m - 25 = 6*m + 5*v, -v = 5. Let w(n) be the third derivative of m + 0*n + 1/3*n**3 - 1/4*n**4 + 4*n**2. Calculate w(2).
-10
Let f = 7 + -1. Let n(g) = g**3 - 5*g**2 - 6*g - 8. What is n(f)?
-8
Let j(y) = y + 1. Let s = 17 + -20. Let m = 6 + s. Give j(m).
4
Let q(u) = u + 1. Let i(p) = 17*p + 5. Let k(m) = -i(m) + 4*q(m). Calculate k(-1).
12
Suppose -8 = -5*z + z. Suppose z*m = -2*m + 20. Let o(d) = -7*d**2 + 8*d + 10. Let h(g) = -4*g**2 + 4*g + 5. Let l(c) = 5*h(c) - 3*o(c). Calculate l(m).
0
Let d(n) = -n - 6. Suppose -72 = -4*s - 0*s. Suppose r - s = -2*r. Let v = 3 - r. Calculate d(v).
-3
Suppose -4*u + 0*s = 3*s - 26, -u + 2*s = -12. Let a = u - 5. Let m(o) = 2*o**2 + 3*o + 1 - 3*o**a + o - 6*o. Determine m(1).
-2
Let w(a) be the first derivative of 1/2*a**2 - 2 + a - 2/3*a**3. Determine w(2).
-5
Let h(l) be the second derivative of l**4/12 + 11*l**3/6 - 3*l**2/2 + 6*l + 2. Calculate h(-7).
-31
Let b(o) = -o**3 - 3*o**2 - o. Suppose 6*t + 12 = 2*t. Calculate b(t).
3
Let q(u) = -u**2 + 3*u + 2. Let a be 1 + -3 - (-35 - -11). Let t = 26 - a. Calculate q(t).
-2
Let g(z) be the second derivative of z**4/12 + 5*z**3/6 + z**2 - 9*z. Give g(-5).
2
Let a(d) = -13*d**2 + 5*d + 1. Let i(r) = 39*r**2 - 13*r - 3. Let b(j) = -8*a(j) - 3*i(j). Calculate b(1).
-13
Suppose 0 = -2*c + 2 + 4. Let v be 6/c + (-5)/5. Let h(i) = -5*i**3 + i**2. Determine h(v).
-4
Let t = 14 + -10. Let m(c) be the second derivative of -1/12*c**t - c**3 + c + 0 - 3*c**2. What is m(-4)?
2
Let o(m) be the third derivative of -m**8/20160 - m**7/1680 - m**6/720 - m**5/30 - 3*m**2. Let c(j) be the third derivative of o(j). Determine c(-3).
-1
Let y be -1 - 15/5 - -2. Let o(b) = -b - 1. Determine o(y).
1
Let c(b) = -11*b - 2. Let r(n) = -1. Let z(g) = -c(g) + 3*r(g). Determine z(1).
10
Suppose -7 = -2*i - 1. Let v(h) be the second derivative of -h**3/6 - h**2/2 - 18*h. What is v(i)?
-4
Suppose -2*p + 57 = 3*y, 3*p - 87 = -0*p - 5*y. Suppose -9*i + 4*i + 20 = 0, p = 4*u + 3*i. Let v be (4/12)/(1/u). Let b(a) = 6*a - 1. Determine b(v).
5
Let z(g) = -88 + 0*g + g - 92 + 177. Let y = -1 + -5. Let t = y + 3. Give z(t).
-6
Let l(a) be the second derivative of a**8/6720 + a**7/630 - a**6/90 - a**5/30 - a**4/4 + a. Let y(o) be the third derivative of l(o). What is y(-5)?
11
Let c be 2*1 - -1 - 1. Suppose -k + 10 = -4*q, 3*q - 2 - 2 = -5*k. Let p be 0/k - (5 - c). Let n(f) = -f**2 - f + 1. What is n(p)?
-5
Let r(v) be the first derivative of -2*v**3/3 + 4*v**2 - 6*v + 8. Determine r(5).
-16
Let c(d) be the third derivative of -d**6/40 - d**5/60 + d**3/6 - d**2. What is c(-1)?
3
Suppose -3*q = -0 + 12. Let l(w) = -4*w - 6. Give l(q).
10
Suppose 0 = -4*t + 9 + 3. Let f(h) = 2 + h**2 - h**t - 4 + 3*h**2 + 4*h + 5. What is f(5)?
-2
Suppose 5*o + 5*t - t = 6, -3*o + 8 = -2*t. Let u(v) = 5 - 3 - 5*v**o + v**2 - 1. What is u(-1)?
-3
Suppose o - 4*j - 3 = -1, o - 2 = -4*j. Let q(n) = -3*n**2 - 4*n - 4*n**2 + 3 + 6*n**o. Give q(-4).
3
Let r(q) = -1 - 6 - 1 + q. Calculate r(6).
-2
Let p(u) = -u - 13. Let w be p(-10). Let n(j) = -3*j**3 + 2*j**3 - 2*j**2 - 2*j + 6*j + 3. What is n(w)?
0
Let h = 73 - 70. Let q(w) be the first derivative of -4 + 1/3*w**h - 1/4*w**4 + 0*w**2 + 0*w. Calculate q(0).
0
Let s(g) = -g**2 + 49*g**3 + 7*g**2 + 7*g - 48*g**3. Calculate s(-5).
-10
Let t(s) = s + 4. Suppose -2*v + 2*f = 6, 7*f + 10 = 2*f. Give t(v).
-1
Suppose -m + 3*m + 4 = 0. Let s be (2 + m)/(4 - 2). Let u(v) = -v**2 + 3. Calculate u(s).
3
Let h(b) be the second derivative of -b**5/20 - b**4/3 - b**3/3 - 5*b**2/2 + 2*b. Let x = -1 + -3. What is h(x)?
3
Let i be 2/((-3)/(42/4)). Let p = 2 + i. Let v(w) = w**2 + w - 7. What is v(p)?
13
Let w(j) be the third derivative of j**5/60 + j**4/12 - 5*j**3/6 - j**2. Let q be -5 + 6 - 3*2. Calculate w(q).
10
Let x(b) = -b**3 + 3*b**2 + b + 1. Let l be x(3). Suppose -4*d = -20 - l. Suppose -d*o = -o - 15. Let r(m) = 2*m - 2. Determine r(o).
4
Let x(c) be the third derivative of -c**6/120 - 5*c**3/3 + 18*c**2. Calculate x(0).
-10
Let s(t) be the third derivative of 3*t**2 + 0 - 1/8*t**4 + 0*t - 1/6*t**3. Calculate s(1).
-4
Let i = 4 - 1. Let w(u) = 4 - 5 + u + 5*u**2 + u**3 + i - 4. What is w(-5)?
-7
Let w(o) = -7*o - 1. Let i = 5 - 0. Let s(y) = 4*y + 1. Let b(a) = i*s(a) + 3*w(a). Calculate b(5).
-3
Let o(i) = -i**2 + 6*i + 1. Let f be o(6). Let s(n) = f - 2*n + 4*n - 5 + n**2. Suppose -2*d = -4*l + 22, -d - 3*l = d + 1. Determine s(d).
11
Suppose h - 2*c + 7*c = 19, 3 = 3*h - 3*c. Let j(w) = w**2 - 7*w + 3. What is j(h)?
-9
Let n(q) be the second derivative of 7*q**5/20 + q**2/2 - q. What is n(-1)?
-6
Let d(f) = f**2 - f + 3. Let u = -99 + 95. Calculate d(u).
23
Let y(c) = 4*c + 1. Let x(w) = -3*w. Let r(f) = -6*x(f) - 4*y(f). Let p(l) = 4*l**3 + l - 1. Let z be p(1). Give r(z).
4
Let k(q) = -7*q**3 - 2*q**2 + 1. Let f = -69 + 68. Give k(f).
6
Let q(x) = 4*x + 2*x**2 - x**2 + 0 - 3. Suppose 0 = r + 3*h + 8, -5*h + 0*h - 8 = 3*r. Suppose 0 = 8*a - r*a + 16. What is q(a)?
-3
Let i(g) = -15*g + 9. Let r(b) = -7*b + 4. Let l(d) = 6*i(d) - 13*r(d). Calculate l(-2).
0
Let p(a) be the second derivative of a**5/10 - a**4/12 - a**3/3 - a**2/2 + a. Let l = -4 + 5. Let g be (-5 - -5) + l + -2. Give p(g).
-2
Let b(j) = -3*j**3 - j**2 - j. Suppose -2*v = -3*v - 1. Let g be (-3 - -1)/(v + 3). Let z = g - 0. What is b(z)?
3
Let x(y) = y - 12. Suppose -c + 12 = -3*n, 4*c + 0*n - 9 = -n. Suppose c*w + 4*s - 3 = s, -2*w + s + 14 = 0. Give x(w).
-7
Let q(w) = w + 13. Let t be q(0). Let a = -8 + t. Let l(d) = -6*d + 1 - 5*d**2 - 3 + d**3 - d**2 + 2*d**2. Determine l(a).
-7
Let q(z) be the second derivative of 0 + 1/20*z**5 + 8*z - 5/2*z**2 - 1/2*z**4 + 2/3*z**3. Give q(5).
-10
Let y(s) = s**2 - 4*s - 1. Let o be 8 - 25/(3 - -2). Determine y(o).
-4
Let h(r) = -3*r - 6. Let x(q) = -6*q - 11. Let p(i) = 7*h(i) - 4*x(i). Suppose 5*b + 15 = -15. Give p(b).
-16
Suppose 2*u + 2 = 2*p - p, 5*p - 10 = u. Let b(w) = -6*w + 2. Determine b(p).
-10
Let q(k) be the first derivative of 5/2*k**2 - 6 - 3*k. What is q(2)?
7
Let o be (-8)/6*(-2 + -1). Let a = o + -6. Let m(i) = 2*i. Calculate m(a).
-4
Let v(t) = 2*t + 7*t + 0*t. Suppose -3*k + 2 = -5*k. Give v(k).
-9
Let k(w) = w - 4. Let j be (4/(-10))/((-8)/20). Let m be 2/j + (1 - 1). Suppose 0 = -4*d + 2*c - 6, d + 6 = m*d + 2*c. What is k(d)?
-4
Suppose -4 = 5*n - 19. Suppose -q = w - n, 2 + 0 = 2*q. Let a(d) = 2 + 2*d**2 - d**w + 0*d**2 - 1 - 4*d. Determine a(3).
-2
Let t(d) = 1 - 16*d - 8*d + 23*d. Give t(5).
-4
Let v(l) = -l**3 + 9*l**2 - 17*l + 14. Let t be v(7). Let c(n) = n**3 + 7*n**2 + n + 9. What is c(t)?
2
Let g(a) = -a - 1. Let o(z) = 3. Let x(n) = -2*g(n) - 2*o(n). Calculate x(6).
8
Let x(m) = -m**3 - 9*m**2 - 10*m - 8. Suppose 4*i + 13 = -19. Give x(i).
8
Let j(u) = u**2 - 10*u - 8. Suppose 0 = 4*o + 5*z - 60, 10*z + 34 = 5*o + 6*z. Give j(o).
-8
Suppose 5*x - l = -64, -2*l = -x + l - 24. Let d(p) = p**2 + 12*p - 3. Determine d(x).
-3
Let i = 25 - 15. Suppose -2*h = -0*h + i. Let j be 4/14 - h/7. Let q(l) = -l. Determine q(j).
-1
Let f(s) = s**3 + 10*s**2 + 9*s - 6. Suppose 9 = -l - 0. Let q be f(l). Let w(u) = u**2 + 4*u - 5. Give w(q).
7
Let x(b) = b**3 - 8*b**2 + 5*b - 7. Let i = 63 - 56. What is x(i)?
-21
Let r(d) be the third derivative of 0*d - 7/6*d**3 + 1/4*d**4 + 0 + d**2 + 1/60*d**5. Give r(-6).
-7
Let j be (-15)/10*-6 + -1. Let b(m) = m + 3. Give b(j).
11
Let s(a) = a - 3*a + 5*a**2 - 3*a**2 - a**2 - 2. Determine s(3).
1
Let o(v) = 8*v + 5. Let p(d) = -21*d - 20. Let i(a) = 14*a + 13. Let y(r) = 8*i(r) + 5*p(r). Let u(g) = -6*o(g) + 7*y(g). Determine u(3).
1
Let w(s) be the first derivative of -s**3/6 - 2*s**2 + 3*s + 2. Let t(u) be the first derivative of w(u). Give t(0).
-4
Let v(o) = -2*o**2 + 2*o - 2. Suppose -13*a = -42 + 3.